5, 41, 107
What are the prime factors of 1008?
2, 3, 7
What are the prime factors of 104532?
2, 3, 31, 281
List the prime factors of 565.
5, 113
List the prime factors of 832.
2, 13
List the prime factors of 63762.
2, 3, 10627
What are the prime factors of 18881?
79, 239
What are the prime factors of 1339?
13, 103
List the prime factors of 2573.
31, 83
List the prime factors of 12267.
3, 29, 47
What are the prime factors of 63374?
2, 31687
List the prime factors of 5828.
2, 31, 47
List the prime factors of 29868.
2, 3, 19, 131
List the prime factors of 2030.
2, 5, 7, 29
What are the prime factors of 2357?
2357
What are the prime factors of 15322?
2, 47, 163
List the prime factors of 172.
2, 43
List the prime factors of 950.
2, 5, 19
What are the prime factors of 42433?
42433
What are the prime factors of 6088?
2, 761
What are the prime factors of 25498?
2, 11, 19, 61
What are the prime factors of 5456?
2, 11, 31
List the prime factors of 1745.
5, 349
What are the prime factors of 395?
5, 79
What are the prime factors of 17967?
3, 53, 113
List the prime factors of 4628.
2, 13, 89
What are the prime factors of 143940?
2, 3, 5, 2399
List the prime factors of 245.
5, 7
What are the prime factors of 68694?
2, 3, 107
List the prime factors of 1697.
1697
List the prime factors of 2280.
2, 3, 5, 19
What are the prime factors of 73151?
13, 17, 331
What are the prime factors of 6536?
2, 19, 43
List the prime factors of 8840.
2, 5, 13, 17
List the prime factors of 81030.
2, 3, 5, 37, 73
What are the prime factors of 61745?
5, 53, 233
What are the prime factors of 3358?
2, 23, 73
List the prime factors of 3024.
2, 3, 7
What are the prime factors of 9466?
2, 4733
What are the prime factors of 6753?
3, 2251
List the prime factors of 531.
3, 59
What are the prime factors of 2141?
2141
List the prime factors of 8397.
3, 311
List the prime factors of 783.
3, 29
List the prime factors of 712.
2, 89
What are the prime factors of 219?
3, 73
What are the prime factors of 2709?
3, 7, 43
List the prime factors of 6788.
2, 1697
What are the prime factors of 112003?
31, 3613
What are the prime factors of 476?
2, 7, 17
What are the prime factors of 703?
19, 37
What are the prime factors of 397?
397
What are the prime factors of 1504?
2, 47
List the prime factors of 44924.
2, 11, 1021
What are the prime factors of 25880?
2, 5, 647
List the prime factors of 495.
3, 5, 11
What are the prime factors of 1349?
19, 71
What are the prime factors of 3695?
5, 739
List the prime factors of 4387.
41, 107
What are the prime factors of 51846?
2, 3, 8641
What are the prime factors of 257?
257
What are the prime factors of 8785?
5, 7, 251
List the prime factors of 895.
5, 179
What are the prime factors of 12252?
2, 3, 1021
List the prime factors of 190169.
7, 3881
What are the prime factors of 2416?
2, 151
List the prime factors of 553.
7, 79
What are the prime factors of 45274?
2, 22637
List the prime factors of 256.
2
List the prime factors of 6918.
2, 3, 1153
What are the prime factors of 1248?
2, 3, 13
List the prime factors of 69808.
2, 4363
What are the prime factors of 8460?
2, 3, 5, 47
List the prime factors of 722.
2, 19
List the prime factors of 6382.
2, 3191
List the prime factors of 63654.
2, 3, 103
What are the prime factors of 475?
5, 19
List the prime factors of 107661.
3, 17, 2111
List the prime factors of 11631.
3, 3877
List the prime factors of 76780.
2, 5, 11, 349
List the prime factors of 8113.
7, 19, 61
What are the prime factors of 1348?
2, 337
List the prime factors of 115560.
2, 3, 5, 107
List the prime factors of 20624.
2, 1289
List the prime factors of 246.
2, 3, 41
What are the prime factors of 866?
2, 433
List the prime factors of 14844.
2, 3, 1237
What are the prime factors of 2779?
7, 397
What are the prime factors of 1132?
2, 283
List the prime factors of 89.
89
List the prime factors of 429.
3, 11, 13
What are the prime factors of 118807?
13, 19, 37
List the prime factors of 16508.
2, 4127
List the prime factors of 16918.
2, 11, 769
List the prime factors of 679.
7, 97
List the prime factors of 950.
2, 5, 19
What are the prime factors of 25578?
2, 3, 7, 29
What are the prime factors of 631?
631
What are the prime factors of 1137?
3, 379
What are the prime factors of 15903?
3, 19, 31
List the prime factors of 1188.
2, 3, 11
What are the prime factors of 7856?
2, 491
List the prime factors of 798.
2, 3, 7, 19
List the prime factors of 4068.
2, 3, 113
What are the prime factors of 52585?
5, 13, 809
What are the prime factors of 15399?
3, 29, 59
List the prime factors of 1332.
2, 3, 37
List the prime factors of 35830.
2, 5, 3583
List the prime factors of 5633.
43, 131
What are the prime factors of 11196?
2, 3, 311
What are the prime factors of 13606?
2, 6803
What are the prime factors of 9712?
2, 607
List the prime factors of 41.
41
List the prime factors of 2442.
2, 3, 11, 37
List the prime factors of 2651.
11, 241
What are the prime factors of 157063?
17, 9239
List the prime factors of 1375.
5, 11
What are the prime factors of 76796?
2, 73, 263
What are the prime factors of 143434?
2, 29, 2473
What are the prime factors of 39581?
39581
What are the prime factors of 2862?
2, 3, 53
List the prime factors of 18816.
2, 3, 7
List the prime factors of 4061.
31, 131
What are the prime factors of 69043?
13, 47, 113
What are the prime factors of 8031?
3, 2677
What are the prime factors of 1874?
2, 937
What are the prime factors of 7844?
2, 37, 53
List the prime factors of 4345.
5, 11, 79
What are the prime factors of 1291?
1291
List the prime factors of 15324.
2, 3, 1277
List the prime factors of 52875.
3, 5, 47
List the prime factors of 3505.
5, 701
What are the prime factors of 3271?
3271
What are the prime factors of 2859?
3, 953
What are the prime factors of 8114?
2, 4057
What are the prime factors of 3550?
2, 5, 71
List the prime factors of 12952.
2, 1619
What are the prime factors of 97100?
2, 5, 971
What are the prime factors of 53733?
3, 17911
What are the prime factors of 15497?
15497
List the prime factors of 8731.
8731
List the prime factors of 37978.
2, 17, 1117
What are the prime factors of 2717?
11, 13, 19
List the prime factors of 248.
2, 31
What are the prime factors of 9632?
2, 7, 43
What are the prime factors of 211?
211
List the prime factors of 871.
13, 67
List the prime factors of 14320.
2, 5, 179
List the prime factors of 35494.
2, 17747
List the prime factors of 152667.
3, 16963
List the prime factors of 1605.
3, 5, 107
List the prime factors of 1298.
2, 11, 59
List the prime factors of 332.
2, 83
List the prime factors of 291.
3, 97
What are the prime factors of 14700?
2, 3, 5, 7
What are the prime factors of 15784?
2, 1973
What are the prime factors of 59401?
191, 311
What are the prime factors of 292?
2, 73
What are the prime factors of 20997?
3, 2333
List the prime factors of 1760.
2, 5, 11
List the prime factors of 55479.
3, 18493
List the prime factors of 49471.
61, 811
List the prime factors of 77.
7, 11
What are the prime factors of 1627?
1627
List the prime factors of 32212.
2, 8053
What are the prime factors of 1524?
2, 3, 127
What are the prime factors of 483?
3, 7, 23
List the prime factors of 16126.
2, 11, 733
List the prime factors of 955.
5, 191
What are the prime factors of 3295?
5, 659
What are the prime factors of 1728?
2, 3
List the prime factors of 1126.
2, 563
What are the prime factors of 121?
11
What are the prime factors of 419?
419
What are the prime factors of 920?
2, 5, 23
List the prime factors of 355.
5, 71
List the prime factors of 41974.
2, 31, 677
List the prime factors of 13134.
2, 3, 11, 199
List the prime factors of 9886.
2, 4943
What are the prime factors of 8791?
59, 149
What are the prime factors of 435?
3, 5, 29
List the prime factors of 23660.
2, 5, 7, 13
What are the prime factors of 110689?
71, 1559
What are the prime factors of 59099?
113, 523
What are the prime factors of 36395?
5, 29, 251
What are the prime factors of 3114?
2, 3, 173
What are the prime factors of 47793?
3, 89, 179
List the prime factors of 2354.
2, 11, 107
List the prime factors of 1197.
3, 7, 19
What are the prime factors of 458?
2, 229
List the prime factors of 77149.
179, 431
What are the prime factors of 338?
2, 13
What a